ousands digit of 5058232?
0
What is the hundreds digit of 14002759?
7
What is the ten thousands digit of 823615?
2
What is the ten thousands digit of 752365?
5
What is the tens digit of 145899?
9
What is the units digit of 91960?
0
What is the hundred thousands digit of 495463?
4
What is the thousands digit of 259429?
9
What is the units digit of 657207?
7
What is the tens digit of 840624?
2
What is the hundred thousands digit of 3155389?
1
What is the ten thousands digit of 89189?
8
What is the tens digit of 457325?
2
What is the hundred thousands digit of 314452?
3
What is the thousands digit of 846811?
6
What is the tens digit of 59728?
2
What is the hundreds digit of 670131?
1
What is the tens digit of 193684?
8
What is the units digit of 2111181?
1
What is the hundreds digit of 278129?
1
What is the units digit of 23090108?
8
What is the ten thousands digit of 2075208?
7
What is the ten thousands digit of 832158?
3
What is the units digit of 3611590?
0
What is the ten thousands digit of 6124208?
2
What is the hundreds digit of 23262847?
8
What is the ten thousands digit of 22449993?
4
What is the units digit of 5898159?
9
What is the units digit of 675093?
3
What is the units digit of 7045258?
8
What is the hundreds digit of 37660?
6
What is the hundreds digit of 95827?
8
What is the hundreds digit of 2615152?
1
What is the ten thousands digit of 276673?
7
What is the units digit of 1657278?
8
What is the hundred thousands digit of 1027021?
0
What is the units digit of 339271?
1
What is the thousands digit of 93166?
3
What is the hundreds digit of 285975?
9
What is the tens digit of 16018480?
8
What is the thousands digit of 25197425?
7
What is the ten thousands digit of 57764?
5
What is the hundreds digit of 2019018?
0
What is the tens digit of 810254?
5
What is the units digit of 16600810?
0
What is the hundred thousands digit of 2476433?
4
What is the thousands digit of 2546040?
6
What is the hundreds digit of 3498289?
2
What is the hundreds digit of 1422687?
6
What is the ten thousands digit of 3376642?
7
What is the hundred thousands digit of 244475?
2
What is the tens digit of 84525?
2
What is the thousands digit of 98653?
8
What is the tens digit of 10818299?
9
What is the hundreds digit of 29720?
7
What is the units digit of 3623800?
0
What is the units digit of 5201935?
5
What is the hundred thousands digit of 29460212?
4
What is the hundred thousands digit of 358272?
3
What is the hundreds digit of 4351868?
8
What is the ten millions digit of 11338279?
1
What is the tens digit of 1027753?
5
What is the units digit of 724865?
5
What is the tens digit of 304217?
1
What is the hundreds digit of 19242191?
1
What is the ten thousands digit of 14566972?
6
What is the hundreds digit of 34356?
3
What is the thousands digit of 3403381?
3
What is the thousands digit of 192106?
2
What is the units digit of 197239?
9
What is the ten thousands digit of 152135?
5
What is the units digit of 209027?
7
What is the hundreds digit of 47279?
2
What is the tens digit of 18966963?
6
What is the hundred thousands digit of 730594?
7
What is the ten thousands digit of 404932?
0
What is the ten thousands digit of 575355?
7
What is the ten thousands digit of 264514?
6
What is the thousands digit of 1100318?
0
What is the thousands digit of 108824?
8
What is the ten thousands digit of 128923?
2
What is the hundreds digit of 6258963?
9
What is the ten millions digit of 12115503?
1
What is the hundreds digit of 809596?
5
What is the tens digit of 13081417?
1
What is the hundred thousands digit of 256448?
2
What is the thousands digit of 736847?
6
What is the thousands digit of 11407686?
7
What is the thousands digit of 1311330?
1
What is the hundreds digit of 1041040?
0
What is the hundred thousands digit of 322392?
3
What is the tens digit of 25518534?
3
What is the hundred thousands digit of 1952626?
9
What is the tens digit of 1763410?
1
What is the units digit of 3085635?
5
What is the tens digit of 18889366?
6
What is the units digit of 2372318?
8
What is the tens digit of 331003?
0
What is the hundreds digit of 275285?
2
What is the millions digit of 4361071?
4
What is the thousands digit of 175120?
5
What is the hundred thousands digit of 9056704?
0
What is the thousands digit of 2970729?
0
What is the ten thousands digit of 494223?
9
What is the hundreds digit of 897950?
9
What is the thousands digit of 8370476?
0
What is the ten thousands digit of 141656?
4
What is the ten thousands digit of 8049239?
4
What is the hundred thousands digit of 978534?
9
What is the hundreds digit of 424992?
9
What is the units digit of 538141?
1
What is the millions digit of 2519578?
2
What is the hundred thousands digit of 7781156?
7
What is the tens digit of 1219437?
3
What is the thousands digit of 900540?
0
What is the ten millions digit of 37559139?
3
What is the thousands digit of 683622?
3
What is the hundreds digit of 2212183?
1
What is the units digit of 2503318?
8
What is the hundreds digit of 583935?
9
What is the tens digit of 7745684?
8
What is the units digit of 775892?
2
What is the ten thousands digit of 378245?
7
What is the units digit of 2171444?
4
What is the units digit of 19440677?
7
What is the tens digit of 42500691?
9
What is the units digit of 124454?
4
What is the tens digit of 5490379?
7
What is the thousands digit of 1665399?
5
What is the thousands digit of 358098?
8
What is the ten thousands digit of 4957013?
5
What is the units digit of 167589?
9
What is the thousands digit of 2167057?
7
What is the tens digit of 3800501?
0
What is the millions digit of 1124015?
1
What is the ten thousands digit of 8363121?
6
What is the ten thousands digit of 477621?
7
What is the thousands digit of 488034?
8
What is the ten thousands digit of 36226?
3
What is the thousands digit of 822900?
2
What is the ten thousands digit of 16242882?
4
What is the ten thousands digit of 1950077?
5
What is the units digit of 896771?
1
What is the hundred thousands digit of 168400?
1
What is the hundreds digit of 12058135?
1
What is the thousands digit of 103955?
3
What is the thousands digit of 72158?
2
What is the units digit of 476354?
4
What is the hundred thousands digit of 2889517?
8
What is the tens digit of 628641?
4
What is the millions digit of 2180611?
2
What is the tens digit of 253510?
1
What is the millions digit of 12321575?
2
What is the hundred thousands digit of 2450730?
4
What is the ten thousands digit of 2348846?
4
What is the thousands digit of 3504905?
4
What is the tens digit of 370997?
9
What is the units digit of 479345?
5
What is the hundred thousands digit of 10753646?
7
What is the thousands digit of 2053825?
3
What is the thousands digit of 187286?
7
What is the units digit of 6547979?
9
What is the hundreds digit of 1583929?
9
What is the millions digit of 2037549?
2
What is the ten thousands digit of 764933?
6
What is the ten millions digit of 22017031?
2
What is the tens digit of 2626575?
7
What is the hundreds digit of 11509732?
7
What is the ten thousands digit of 3647973?
4
What is the thousands digit of 729588?
9
What is the ten thousands digit of 213255?
1
What is the units digit of 195017?
7
What is the hundred thousands digit of 4218076?
2
What is the ten thousands digit of 23028641?
2
What is the units digit of 25219033?
3
What is the thousands digit of 17878441?
8
What is the tens digit of 5866483?
8
What is the hundreds digit of 1456523?
5
What is the hundred thousands digit of 3712217?
7
What is the hundred thousands digit of 326388?
3
What is the millions digit of 7722020?
7
What is the units digit of 353333?
3
What is the ten thousands digit of 132263?
3
What is the tens digit of 1661473?
7
What is the millions digit of 2823759?
2
What is the units digit of 15110?
0
What is the thousands digit of 1241869?
1
What is the units digit of 4137538?
8
What is the ten thousands digit of 190568?
9
What is the ten millions digit of 10679061?
1
What is the tens digit of 273546?
4
What is the units digit of 716382?
2
What is the units digit of 1797517?
7
What is the thousands digit of 168519?
8
What is the hundreds digit of 13114143?
1
What is the thousands digit of 1262311?
2
What is the ten thousands digit of 672352?
7
What is t